 500 = -8*v. Calculate the remainder when 615 is divided by o.
91
Let b be 6/(-27) - 6/(-27). Let i(v) be the second derivative of -v**4/12 + 3*v**2 + 1087*v. What is the remainder when 20 is divided by i(b)?
2
Suppose 3*q + b - 111 = 0, -q + 14 + 31 = 3*b. Let a = -1 - -1. Suppose 0 = 4*s - a*s - 52. Calculate the remainder when q is divided by s.
10
Let w(x) = -5*x**2 + 17*x - 5. Let a be w(8). Let o = 215 + a. Calculate the remainder when 125 is divided by o.
21
Let g = -267 + 1179. Suppose -6*i - g = -9*i. Calculate the remainder when i is divided by 78.
70
Calculate the remainder when 5533 is divided by -6 + -10 + (65 - 8).
39
Suppose 0 = -88*k + 3284 + 1820. Calculate the remainder when k is divided by 13.
6
Let p = -6 - -13. Calculate the remainder when (-24644)/(-606) + 1/(-4) + 14/24 is divided by p.
6
Calculate the remainder when 56799 is divided by (2160/810)/(3/18).
15
Let g(d) = d**3 - 5*d**2 + 2*d - 5. Let v be g(5). Suppose -2*q + 4*r + 9 = -39, -v = r. What is the remainder when q is divided by 8?
6
Let l(b) = b**3 + 13*b**2 - 5*b + 25. Calculate the remainder when l(-11) is divided by 66.
58
Suppose -3*p + 4 = 2*s, 4*s - 17 + 5 = -4*p. Suppose 0 = 2*c + 5 - 15. Calculate the remainder when s is divided by 1/((-24)/(-20) - 1/c).
0
Suppose -5*c - 15 = 5*x - 90, 2*x - 4*c = 24. Suppose -12*g = 4*g + 80. What is the remainder when x is divided by g/((-5)/7) + -4?
2
Let q be (28/8)/7*4. Let y(f) = -132*f. Let s be y(q). Calculate the remainder when 43 is divided by (6/(-9))/(16/s).
10
Let b(k) = 6*k + 104. Let a be b(-17). Suppose 2*x + a*x - c - 99 = 0, x + 4*c = 12. Let g = 9 - 4. What is the remainder when x is divided by g?
4
Suppose 9*s + 513 - 648 = 0. What is the remainder when 11531 is divided by s?
11
Suppose -5*c - 435 = -60. What is the remainder when 31*(20/9 + (-24)/108) is divided by -5*(-96)/c*10/(-4)?
14
Let l(c) be the first derivative of c**3/3 + 10*c**2 - 78*c + 65. Calculate the remainder when 35 is divided by l(-24).
17
Let z = -199862 - -199873. Suppose 0 = -c + 440 - 67. Let p = c - 232. What is the remainder when p is divided by z?
9
Suppose 16*f = 5824 - 5312. Let j = 229 + -141. Calculate the remainder when j is divided by f.
24
Let g(f) = -f**3 - 49*f**2 - 616*f - 52. Let i be g(-25). Let h = 12 - 5. What is the remainder when (-2 + h)*i/60 is divided by 16?
13
Let f = -3031 - -3054. Calculate the remainder when 66 is divided by f.
20
Suppose -110 = 115*c - 117*c. What is the remainder when 218 - 1 - (1 + (-12)/(-4)) is divided by c?
48
Suppose -44924 = -43*x + 173086. Calculate the remainder when x is divided by 145.
140
Let z(l) = -4*l**2 - 154*l + 49. Calculate the remainder when z(-25) is divided by 28.
27
Let z(r) = -40 + 10*r - 804*r**2 + 803*r**2 - 37*r. Calculate the remainder when z(-25) is divided by 4.
2
Let k = -51 - -122. Suppose k + 199 = 5*l. Suppose 2*n - 66 = -2*w - 2*w, 24 = w - n. What is the remainder when l is divided by w?
16
Suppose -5*l - 4*f + 4785 = 0, -4*l - 2*f = 788 - 4610. Calculate the remainder when l is divided by 162.
143
Suppose 2152*u = 2142*u + 30. Calculate the remainder when 50 is divided by u.
2
Let t = 34 + 39. Let n = -362 + 514. What is the remainder when n is divided by t?
6
Suppose -52*c = 5*d - 49*c - 21320, 0 = c - 5. What is the remainder when d is divided by 104?
101
Let w = 136 - 146. What is the remainder when 1/(-5) - 312/w is divided by 8?
7
Let b(o) = 13*o**2 - o - 4. Let p(x) = x + 24. Let n = 12 - 23. Calculate the remainder when b(-2) is divided by p(n).
11
Let o(n) = -115*n - 509. What is the remainder when 142 is divided by o(-5)?
10
Let s be (1/((-8)/(-44)))/(1/2). Suppose 8*a + 114 = s*a. Suppose -3*o + 20 = 4*g - 6, -3*o = g - a. Calculate the remainder when 40 is divided by o.
12
What is the remainder when 2908 is divided by (21 - 2573/124)/((-2)/(-416))?
48
Let x be ((-5)/(-2) + 2)/((-24)/(-32)). Let f(c) = -c**3 + 7*c**2 - 4*c - 3. What is the remainder when 15 + 6/(-2) - -3 is divided by f(x)?
6
What is the remainder when 1114/8 + 1/(-4) is divided by (((-260)/(-195))/((-32)/36))/((-3)/50)?
14
Suppose -5*n - 17*o + 325 = -12*o, o = n - 73. Let v(z) = -59*z**3 - 1. Let w be v(1). Let m = w + n. What is the remainder when 95 is divided by m?
5
Let d(q) = 2*q**3 - 11*q**2 - 4*q + 14. Let i(z) = -3*z**3 + 21*z**2 + 7*z - 28. Let x(u) = -5*d(u) - 3*i(u). What is the remainder when x(-9) is divided by 53?
51
Let y(t) = -t**3 + 15*t**2 + 3*t - 32. Suppose -u + 33 = 5. Let m = 31 + u. Calculate the remainder when m is divided by y(15).
7
Let k(u) = u**3 + 52*u**2 + 7*u + 367. Suppose 9 = -4*y + 53. Let p(j) = j. Calculate the remainder when p(y) is divided by k(-52).
2
Suppose 2*x + 3*x - 1088 = -11*x. Calculate the remainder when 529 is divided by x.
53
Let w be (-49)/(-2*(3/6 + 0)). Let m = w - 44. Suppose -m*l - 93 = -4*t, 4*t - 2*l - 90 = -0*l. What is the remainder when t is divided by 8?
6
Let k be (1 - 14)*-1*-1. Let j(f) = 5*f - 6*f + 337 + 325 + 4*f - 607. Calculate the remainder when j(k) is divided by 10.
6
Suppose 61*g - 59*g + 7984 = 5*a, -a = 5*g - 1586. Calculate the remainder when a is divided by 32.
28
Calculate the remainder when ((-16)/36)/((-20)/(-6)) + (-781532)/(-915) is divided by 280.
14
Let r = -8 + 38. Suppose 0 = -8*b + 6 - r. Calculate the remainder when 16 is divided by -3 + b/2*(-12)/2.
4
Suppose 4*n + 658 = 4*p - 606, -4*p + 5*n + 1261 = 0. Calculate the remainder when p is divided by 156.
7
Let u = -862 - -897. What is the remainder when 31*-5*(-7)/u + 6 is divided by (-2)/(-4) + 57/6?
7
Let j(l) = 5*l + 134. Suppose -1476 = -12*t + 3*t. What is the remainder when t is divided by j(-22)?
20
Let s(x) = x**2 + x. Let t be s(-2). Suppose 7*u - t - 33 = 0. Suppose -u*y - 3*h + 148 = -y, -3*y + 104 = 4*h. What is the remainder when y is divided by 21?
19
Let o(f) = 4*f + 1. Let r be o(-1). Let i(l) = -l**3 + 112*l**2 - 739*l + 430. Calculate the remainder when (-4)/2 - (r + -35) is divided by i(105).
6
What is the remainder when (-14)/49 + 104/(-28) + 123 is divided by 71?
48
Suppose -13*k + 6 = -33. Suppose -34*y + 168 = -31*y + 4*n, 2*y - 116 = -4*n. What is the remainder when y is divided by k?
1
Suppose 49*m - 104727 = 4347. Calculate the remainder when m is divided by 131.
130
What is the remainder when (-9814)/4*(3/4)/(1701/(-648)) is divided by 16?
13
Let x(s) = -3*s**2 + 38*s + 26. Let u(r) = -2*r**2 + 20*r + 13. Let i(g) = -11*u(g) + 6*x(g). Calculate the remainder when i(-4) is divided by 41.
4
Let q(i) = 6*i - 74. Let v(b) = 6*b + 49. Let k be v(-6). What is the remainder when 33 is divided by q(k)?
1
Let z(i) = -2*i**3 + 3*i**2 + i - 4. Let q be z(2). What is the remainder when 70/2 + (-44 - -44) is divided by q/6 - 30/(-2)?
7
Let s = 30602 + -30590. What is the remainder when 3335 is divided by s?
11
Calculate the remainder when 135 is divided by 1 + 61 - -4*37/(-148).
13
Let j = 425 - 253. Calculate the remainder when j is divided by 20.
12
Suppose -5*p = -49*w + 47*w - 183, -p = -3*w - 47. Calculate the remainder when 123 is divided by p.
18
Let p(v) = 2*v**2 + 29*v + 118. Calculate the remainder when 4157 is divided by p(-6).
13
Let i be (((-2)/(-6))/(3/18))/1. Suppose 2*y - 184 = h - 645, -3*y = i*h - 922. Calculate the remainder when h is divided by 29.
26
Let i(o) = -3*o + 72. Suppose -116 + 46 = -5*n. Calculate the remainder when 162 is divided by i(n).
12
Suppose 9*h = -21*h - 2160. Calculate the remainder when 49 is divided by h/(-10)*(-15)/(-6).
13
Let f(u) = -77*u - 9049. Calculate the remainder when f(-138) is divided by 52.
17
Suppose -2*s + 26 = -4*a, 5*s + 0*a + 4*a = -5. Suppose -3*k + 6*k - 68 = 4*r, s*r = -6. What is the remainder when k is divided by (0 - 2) + (-4 - -19)?
7
Suppose -15422 - 35444 - 24814 = -110*m. What is the remainder when m is divided by 40?
8
Let v = -34 + 76. Let z be ((3 - -1) + 10)*-1. Let l(a) = -a + 8. Calculate the remainder when v is divided by l(z).
20
Let q = 13660 + -12918. Calculate the remainder when q is divided by 387.
355
Let w be 276/66 + (-8)/44. Suppose 3*t - 2*y = -3*y + 268, 85 = t - w*y. What is the remainder when t is divided by 9?
8
Let o be ((-5 - -2)/3)/((-3)/237). Suppose 4*f = -o + 707. Suppose 4*t - 765 = -t - 5*z, -t - 5*z = -f. What is 